or of 18 and 234.
18
What is the highest common divisor of 61 and 427?
61
What is the highest common divisor of 12 and 1164?
12
What is the highest common factor of 638 and 1034?
22
Calculate the greatest common divisor of 24 and 88.
8
Calculate the greatest common divisor of 95 and 25.
5
Calculate the highest common divisor of 2004 and 12.
12
What is the highest common divisor of 129 and 473?
43
Calculate the highest common divisor of 9604 and 28.
28
What is the highest common factor of 704 and 1728?
64
Calculate the highest common factor of 18 and 162.
18
Calculate the greatest common factor of 1668 and 36.
12
Calculate the highest common divisor of 182 and 672.
14
What is the highest common factor of 44 and 33?
11
What is the highest common factor of 1150 and 874?
46
What is the highest common divisor of 754 and 58?
58
Calculate the greatest common factor of 261 and 4263.
87
What is the greatest common divisor of 22 and 86?
2
What is the highest common divisor of 18 and 2754?
18
Calculate the highest common factor of 44 and 44.
44
Calculate the greatest common factor of 4610 and 50.
10
What is the greatest common factor of 5 and 840?
5
Calculate the greatest common factor of 366 and 30.
6
What is the highest common factor of 12587 and 82?
41
What is the greatest common factor of 4384 and 137?
137
Calculate the highest common divisor of 495 and 649.
11
Calculate the greatest common factor of 231 and 18403.
77
What is the highest common divisor of 7 and 91?
7
What is the highest common divisor of 8 and 2696?
8
What is the greatest common divisor of 27 and 2403?
27
What is the highest common divisor of 728 and 1378?
26
What is the greatest common factor of 61 and 1?
1
What is the greatest common divisor of 13 and 13?
13
What is the greatest common divisor of 105 and 120?
15
Calculate the greatest common factor of 546 and 42.
42
What is the greatest common divisor of 837 and 135?
27
What is the greatest common divisor of 6 and 22?
2
Calculate the greatest common divisor of 36 and 558.
18
Calculate the greatest common factor of 46 and 552.
46
What is the greatest common factor of 43186 and 429?
143
What is the highest common divisor of 23355 and 15?
15
Calculate the greatest common factor of 112 and 26208.
112
What is the greatest common factor of 20 and 5850?
10
Calculate the greatest common divisor of 11862 and 72.
18
Calculate the highest common factor of 5 and 15.
5
Calculate the highest common factor of 15515 and 435.
145
What is the highest common divisor of 112 and 50?
2
Calculate the greatest common factor of 70 and 40.
10
What is the highest common factor of 1918 and 98?
14
What is the greatest common divisor of 1008 and 56?
56
Calculate the highest common divisor of 190 and 285.
95
Calculate the greatest common divisor of 2136 and 168.
24
Calculate the greatest common factor of 225 and 45.
45
Calculate the greatest common divisor of 78 and 2782.
26
What is the highest common divisor of 26 and 20?
2
Calculate the highest common divisor of 5115 and 279.
93
What is the highest common factor of 5 and 65?
5
Calculate the highest common divisor of 1391 and 3103.
107
Calculate the greatest common divisor of 9 and 40626.
9
Calculate the greatest common divisor of 912 and 36.
12
What is the highest common factor of 1606 and 154?
22
Calculate the highest common divisor of 38 and 114.
38
Calculate the highest common divisor of 10 and 34.
2
What is the greatest common divisor of 143 and 4576?
143
Calculate the greatest common factor of 5133 and 177.
177
What is the highest common divisor of 1755 and 780?
195
What is the highest common factor of 5781 and 123?
123
Calculate the highest common factor of 2117 and 73.
73
What is the greatest common factor of 218 and 2289?
109
Calculate the greatest common factor of 85 and 136.
17
Calculate the highest common factor of 1020 and 60.
60
What is the greatest common factor of 882 and 9?
9
What is the highest common factor of 160 and 115?
5
What is the greatest common divisor of 5 and 26?
1
What is the greatest common factor of 3874 and 4768?
298
Calculate the highest common factor of 6448 and 39.
13
What is the greatest common factor of 15 and 147?
3
What is the greatest common factor of 41 and 82?
41
What is the greatest common factor of 154 and 946?
22
What is the greatest common factor of 850 and 935?
85
Calculate the greatest common factor of 210 and 7224.
42
What is the greatest common factor of 75 and 775?
25
Calculate the greatest common factor of 828 and 108.
36
Calculate the highest common factor of 833 and 102.
17
Calculate the greatest common divisor of 112 and 143248.
112
What is the greatest common divisor of 12 and 27?
3
What is the highest common factor of 165 and 891?
33
Calculate the highest common factor of 8514 and 1032.
258
What is the greatest common factor of 1 and 8?
1
Calculate the greatest common divisor of 15 and 25.
5
What is the highest common factor of 224 and 3108?
28
What is the greatest common factor of 222 and 186?
6
Calculate the highest common factor of 45 and 1905.
15
What is the highest common factor of 205 and 123?
41
Calculate the highest common divisor of 147 and 392.
49
Calculate the greatest common factor of 1240 and 5952.
248
Calculate the greatest common factor of 108 and 81.
27
Calculate the greatest common divisor of 21 and 1869.
21
Calculate the highest common divisor of 63 and 2576.
7
Calculate the highest common divisor of 2106 and 162.
162
What is the greatest common divisor of 495 and 81?
9
Calculate the greatest common divisor of 1521 and 27.
9
What is the greatest common divisor of 833 and 17?
17
What is the greatest common factor of 75 and 200?
25
Calculate the greatest common factor of 231 and 66.
33
Calculate the greatest common divisor of 10 and 26.
2
Calculate the highest common divisor of 142 and 26.
2
What is the greatest common factor of 2321 and 11?
11
Calculate the greatest common divisor of 9765 and 837.
279
What is the greatest common divisor of 92 and 214?
2
Calculate the highest common divisor of 4427 and 466.
233
What is the greatest common divisor of 15911 and 7?
7
What is the highest common divisor of 338 and 130?
26
Calculate the greatest common factor of 1203 and 3.
3
What is the highest common factor of 125 and 15?
5
What is the highest common divisor of 72 and 4?
4
Calculate the greatest common factor of 21 and 1707.
3
Calculate the greatest common factor of 168 and 728.
56
What is the highest common factor of 732 and 4636?
244
What is the greatest common factor of 7 and 7?
7
Calculate the highest common divisor of 76 and 133.
19
What is the highest common factor of 451 and 41?
41
Calculate the greatest common divisor of 144 and 81.
9
What is the highest common divisor of 13 and 104?
13
What is the highest common factor of 152 and 1406?
38
What is the highest common factor of 286 and 858?
286
Calculate the highest common factor of 78 and 15418.
26
Calculate the greatest common divisor of 760 and 6232.
152
What is the highest common factor of 816 and 561?
51
What is the highest common factor of 420 and 56?
28
What is the greatest common divisor of 235 and 100?
5
What is the greatest common divisor of 1575 and 3600?
225
What is the greatest common divisor of 847 and 22?
11
Calculate the highest common factor of 25 and 35.
5
Calculate the highest common factor of 1414 and 11918.
202
Calculate the greatest common factor of 4 and 362.
2
What is the highest common divisor of 83 and 1079?
83
Calculate the greatest common divisor of 60 and 60.
60
What is the highest common factor of 559 and 731?
43
Calculate the highest common divisor of 33 and 1749.
33
What is the highest common factor of 28 and 924?
28
What is the highest common divisor of 72 and 792?
72
Calculate the highest common factor of 69 and 1426.
23
What is the highest common divisor of 32 and 760?
8
What is the greatest common factor of 336 and 21?
21
What is the greatest common factor of 6 and 303?
3
What is the greatest common divisor of 6 and 669?
3
Calculate the highest common divisor of 72 and 522.
18
What is the greatest common divisor of 2004 and 24?
12
Calculate the greatest common divisor of 138 and 24288.
138
What is the greatest common divisor of 12765 and 69?
69
W